hat is the remainder when 169 is divided by h?
40
Suppose 38*h = 56*h - 162. Suppose 0 = 5*q - m - 159, -q + 95 = 2*q - m. Calculate the remainder when q is divided by h.
5
Suppose 4*n = 163*o - 161*o + 306, 5*o = -15. What is the remainder when 2247 is divided by n?
72
Let q(k) be the third derivative of 5*k**4/24 - k**3 - 24*k**2. Calculate the remainder when 23 is divided by q(4).
9
Let g(o) = 15*o - 60. What is the remainder when g(6) is divided by 6?
0
Let r(q) = -q + 15. Let y(g) = -g**3 + 9*g**2 + 6*g + 6. What is the remainder when y(7) is divided by r(0)?
11
Calculate the remainder when 368 is divided by (-7)/21 - 452/(-6).
68
Suppose 2*d = g + 11, 71*d - 3*g = 67*d + 27. Suppose 2*p + o - 44 = -17, 5*o - 25 = 0. What is the remainder when p is divided by d?
2
Let i be (3 - 14/8)*44. Suppose 1 = 2*d - 5*j + 5, -4*d = -j - 28. What is the remainder when d is divided by 11/i - (-28)/10?
2
Let o = -125 + 127. Let n = 53 - o. What is the remainder when 98 is divided by n?
47
Suppose 113*x - 84*x = 203. Calculate the remainder when 88 is divided by x.
4
Let y = 16 + -5. Suppose -3*h + 7*h = 376. Let s = -91 + h. Calculate the remainder when y is divided by s.
2
Let i = -6 - -113. What is the remainder when i is divided by -1 + (-152)/(-4) + 153/(-17)?
23
Calculate the remainder when 18 is divided by 13 + (2/6 - (-15)/(-45)).
5
Let j(t) = t**3 - 11*t**2 - 99*t - 9. What is the remainder when j(17) is divided by 2 + 11 - (1 - 3)?
12
Let u(i) = -2*i - 9. Let t be u(-6). Suppose 2*b = -t*b + 95. Calculate the remainder when b is divided by 10.
9
Suppose -589 = -5*b - 2*n - 39, 349 = 3*b + 5*n. What is the remainder when 129 is divided by 9/(-2 + b/16 + -4)?
9
Let v(z) = -z - 1. Let m be v(-3). Suppose -3*k + 2*k = 0, 3*k - 42 = -2*p. What is the remainder when p is divided by 108/14 - m/(-7)?
5
What is the remainder when (2193/68 - 7)/(1/4) is divided by 34?
33
Let k = 119 - 72. Calculate the remainder when 845 is divided by k.
46
Suppose p = 3*p - 20. Let c(t) = -t**2 + 8*t - 5. Let a be c(7). Suppose 4*w - a*b = 141 + 13, 0 = -b + 1. What is the remainder when w is divided by p?
9
Let i = 15 - 10. Suppose -i = z + 5. Let v = z + 46. Calculate the remainder when v is divided by 19.
17
Suppose -4*z - 2*y = -1250, 0 = 5*z - 41*y + 44*y - 1563. What is the remainder when z is divided by 29?
22
Calculate the remainder when 3 is divided by 4 + -2 + 2 + -8 - -5.
0
Let p be 1/(-4) + (-3)/4. Let c = 3 + p. Suppose -c*h = 2*d + 3*d - 13, d = -1. Calculate the remainder when 24 is divided by h.
6
Suppose -4*d + 2*f - 5*f + 39 = 0, -25 = -5*f. Calculate the remainder when 16 is divided by d - ((-9)/(-3))/3.
1
Suppose 0 = 5*u + 4*t - t + 380, -2*u - 5*t = 133. Let p = -54 - u. Calculate the remainder when 49 is divided by p.
24
Suppose 4*m + 3*k - 536 = 0, -53 = 3*m - 5*k - 484. What is the remainder when m is divided by 14?
11
Suppose 8*y = y + 105. Calculate the remainder when y is divided by 13.
2
Let x = -42 - -56. What is the remainder when x is divided by 11?
3
Let f(g) = g**2 + 3*g + 6. Let q = -16 + 9. Suppose 0*k = 3*k - 6, -2*a = 5*k - 34. What is the remainder when f(q) is divided by a?
10
Let m be 122/4*(1 + 1). Suppose s - h - m = 0, -2*s = s - h - 193. What is the remainder when s is divided by 17?
15
Let c = -501 - -505. Suppose -4*n + 52 = -0*n. What is the remainder when n is divided by c?
1
Suppose 13 = 5*b - 7. Let k = 81 - 79. Suppose d - 5*r + 23 = b*d, 0 = k*d + 3*r - 14. Calculate the remainder when d is divided by 1.
0
Let n = -15 + 22. Suppose 113 = 2*y + n. What is the remainder when y is divided by 14?
11
Suppose -q + 3*u = -61, 2*q - 78 = -u + 44. What is the remainder when 547 is divided by q?
59
Suppose 2*v + r = -2*r + 48, -5*v + 162 = -3*r. What is the remainder when v is divided by 2?
0
Let l(r) = -62*r**3 - 5*r**2 - 6*r - 2. Calculate the remainder when 728 is divided by l(-1).
57
Let n = -756 - -886. What is the remainder when n is divided by 34?
28
Let p(c) = 31*c**3 - 3*c + 3. Suppose 29*o - 234 = 11*o. Calculate the remainder when p(2) is divided by o.
11
Let r(i) = -10*i - 8. Suppose -6 = h - 1. Calculate the remainder when r(h) is divided by (23 + -1)*(0 + 1).
20
Suppose -n = -5*n + 8. Let x(w) = -w**2 - w + 45. Let z be x(0). Suppose -3*k = n*k - z. What is the remainder when 15 is divided by k?
6
Let x be 87/2*(-72)/(-54). Suppose -5*w - 2*p + p + 152 = 0, p + x = 2*w. Calculate the remainder when 87 is divided by w.
27
Let h = -9 - -42. Let v = 458 - 296. Calculate the remainder when v is divided by h.
30
What is the remainder when 10 is divided by (156/(-20))/(-3) + 10/25?
1
Suppose -3*q - n = -79, -q - 4*n + 5*n = -25. What is the remainder when (-6)/(-4)*q*1 is divided by 7?
4
Suppose 9*n + 14 - 68 = 0. What is the remainder when 22 is divided by -3 - (n/(-9) - 43/3)?
10
Suppose -r + 0*d + 3*d + 4 = 0, -5*r - 5*d = -60. Suppose -30 = -3*c + c. Let g = c - r. What is the remainder when 18 is divided by g?
3
Let j be (-3)/((-3)/4) + 31. Let m = -3 + j. Calculate the remainder when m is divided by 11.
10
Let x(k) = -k**3 + 13*k**2 - 15*k + 21. Let m be x(9). Calculate the remainder when 213 is divided by (-6)/(-9) - m/(-9).
21
Let c(n) = 221*n - 222*n + 0*n**2 - 2*n**2 + 2 + 52*n**3 + 116*n**3. What is the remainder when c(1) is divided by 13?
11
What is the remainder when -50 - -113 - 5*1 is divided by 9?
4
Let q(u) = -10*u + 6. Let h be q(-9). What is the remainder when 7 is divided by (-4 + h/18)*(4 + -1)?
3
Let q(n) = n**2 - 10*n + 5. Let a be q(10). Suppose t + 2*t = a*s - 301, -4*s - 3*t = -230. Calculate the remainder when s is divided by 15.
14
Let k be ((-36)/8 - 2)*-4. Suppose 3*a + 64 + 21 = 4*b, -b = 4*a - k. What is the remainder when 108 is divided by b?
20
Let w = -126 - -156. Let r(u) = u**3 - 2*u**2 - 5*u + 6. Calculate the remainder when w is divided by r(4).
12
Suppose g - 55 = 5*b, -2*g + 85 = -2*b - 3*b. Suppose -g = 4*y + 14. Let v(c) = c + 25. What is the remainder when v(y) is divided by 5?
4
Suppose -4*n + 152 = -5*f - 23, -2*n = -2*f - 86. What is the remainder when n is divided by 9?
4
Let r(z) = -z**3 - 8*z**2 - 14*z - 2. Let m = -14 - -50. Calculate the remainder when m is divided by r(-6).
6
Let j(s) = 9*s**3 - 7*s**2 - 3*s + 1. What is the remainder when j(2) is divided by 21?
18
Suppose 5*l - 1 = 4. Let g = l + -5. Let h = 36 - g. What is the remainder when h is divided by 14?
12
Suppose 0 = y + 2*v - 29, y - 63 = v - 19. Suppose h = 5*p + y, -p + 2*p = 3. What is the remainder when 159 is divided by h?
51
Let c = -158 + 239. Let a(y) = 3*y**3 + 64*y**2 + 9*y - 235. Calculate the remainder when c is divided by a(-21).
13
Let p = -48 - -105. Calculate the remainder when p is divided by 44.
13
Suppose 4*b + 3*l = 3*b + 16, 0 = -3*b - 3*l + 54. Suppose 4*x = -3*t + 25, 2*t + b + 11 = 2*x. Calculate the remainder when 38 is divided by x.
8
Suppose w - 2*a = 42, -7*a + 122 = 3*w - 9*a. What is the remainder when 678 is divided by w?
38
Suppose -39 = 2*v - 5. Let s = 32 + v. Calculate the remainder when s is divided by 6.
3
Let f(r) = r**3 + 6*r**2 - 5*r + 8. Let c(z) = -z**2 - 35*z - 68. What is the remainder when c(-8) is divided by f(-6)?
34
Suppose 5*j - t - 41 = 0, 0 = 3*j - t + 5*t - 20. Let b(f) = 2*f**2 - 15*f - 4. What is the remainder when 6 is divided by b(j)?
2
Suppose -7*v + 22 = -5*v. Let s(d) = -6*d**2 + 2*d + 1. Let u(t) = -t. Let x(f) = -s(f) - 3*u(f). What is the remainder when v is divided by x(1)?
5
Suppose -2*v = 2*g - 14, 3 = -v + 2*v - g. Suppose n = -10*f + v*f + 13, -2*f = -5*n + 92. What is the remainder when n is divided by 4?
2
Suppose -19 = -10*j + 1. Suppose j*d = 3*b - 27 + 9, -2*d + 12 = 2*b. Let q(w) = w**3 - 8*w**2 + 9*w + 8. Calculate the remainder when q(7) is divided by b.
4
What is the remainder when (0 + 1)/((-1)/(-53)) is divided by (108/2)/6 - -5?
11
Suppose -6*p = -7*p - 25. Calculate the remainder when (-340)/p*(-5)/(-1) is divided by 14.
12
Let p(b) = b**3 - 2*b**2. Let a be p(2). Suppose a = -k + 2*k - 28. Let h = -14 + k. Calculate the remainder when 27 is divided by h.
13
What is the remainder when 38 is divided by -12*3/45 - 268/(-10)?
12
Calculate the remainder when (-409)/(-3) - ((-88)/6)/(-11) is divided by 47.
41
Let l(p) = 10*p**